. Let u(o) = o**3 - 8*o**2 + 8*o - 9. Let b be u(7). Let a = b - k. What are the prime factors of a?
2
Suppose 0 = l + 2*m - 9, -3*m = -0 - 9. Suppose 0 = l*v - 11 - 130. What are the prime factors of v?
47
Let z(d) = -d**2 - 4*d + 4. Let j(l) = -2*l**2 - 5*l + 5. Suppose 0 = p - 0 + 2. Let f(a) = p*j(a) + 3*z(a). List the prime factors of f(2).
2
Suppose 0 = 2*h + h + 4*s - 53, -29 = -4*h + 3*s. List the prime factors of h.
11
Suppose 5*g + 2 = 22. Let s(l) = -l**3 + 3*l**2 + 5*l - 2. What are the prime factors of s(g)?
2
Let c(v) = v**3 - 2*v**2 - 4*v - 1. Let n be c(3). Let y = 14 + n. List the prime factors of y.
2, 5
Suppose -g = 2*g - 18. Suppose -2*o - w - g = -o, 4*w - 12 = 0. List the prime factors of (-24)/o - (-4)/(-6).
2
Let a(k) = 3*k**2 - 11*k - 3. What are the prime factors of a(11)?
239
Let z = 0 + -1. Let k = z - -6. List the prime factors of k.
5
Let r(h) = h**3 + h**2 - 5*h - 2. Let f be r(-3). Let d(p) = -2 - p - 1 + 3. What are the prime factors of d(f)?
5
Suppose 16 = 3*d - 2. Let q(v) = v**3 - 7*v**2 + 6*v - 9. Let i be q(d). Let b = i + 19. List the prime factors of b.
2, 5
List the prime factors of (-497)/(-6) + -2 - 2/(-12).
3
Suppose 4*w - 214 = x, 167 = 4*w - w - 4*x. List the prime factors of w.
53
Suppose -3*p + 27 = 4*q, -2*q = -p - q + 2. Suppose 0 = p*z + 8 - 23. What are the prime factors of 6/9 + 25/z?
3
Suppose -2*g - g + 4*i + 75 = 0, -5*g + i = -108. What are the prime factors of g?
3, 7
Suppose -2 = 2*l - 3*l. Suppose -l*w - w = -6. Suppose w = a - 7. What are the prime factors of a?
3
Let d = -2 - -2. Suppose -5*m + 4*o = 120, d = o + 3*o. Let c = -17 - m. List the prime factors of c.
7
Let j be (-1)/5 + 152/10. Suppose 2*o + j + 5 = 2*s, o - 5 = 0. What are the prime factors of s?
3, 5
Let v = -30 - -142. What are the prime factors of v?
2, 7
Suppose -3*b - o + 187 = -377, 3*b - 573 = 2*o. List the prime factors of b.
3, 7
Let y be (-12)/((-6)/2) - -1. Let z = 15 - y. List the prime factors of z.
2, 5
List the prime factors of (11/2)/((-4)/(-24)).
3, 11
Suppose 4*x - 3*x = 3*p + 12, -2*p = 4*x + 8. Suppose -52 = -x*r - 4*r. Suppose -5*z + r + 11 = 3*b, 0 = -2*b - 4*z + 16. What are the prime factors of b?
2
Suppose 3*v + 3*h = 96, 12 = v - 3*h - 16. Suppose 29*w - v*w = -90. What are the prime factors of w?
3, 5
Let o(f) = -f**2 - 5*f - 1. Let y be (4 - 0)*(0 - 1). List the prime factors of o(y).
3
List the prime factors of (-10200)/(-48) - ((-10)/4 + 2).
3, 71
Suppose -3*o - 2*o = 0. Let n(q) = -q + 5. What are the prime factors of n(o)?
5
Suppose -31 = -3*i - 10. Let b = 41 - 29. Let q = b - i. List the prime factors of q.
5
Let v be -16*(-1 - -2)*-2. Suppose -5*m = -p - p + v, 3*p = 5*m + 28. Let q = m - -14. List the prime factors of q.
2, 3
Suppose 4*x = -117 + 289. Suppose -4*p + 211 = x. What are the prime factors of p?
2, 3, 7
Suppose 4*i - 1147 = -0*i + n, 4*i - 1137 = 3*n. What are the prime factors of i?
2, 3
Suppose -22 - 15 = -j. List the prime factors of j.
37
Let g(f) = 4*f + 2. Let s be g(4). Suppose -5*i + 10 = 5*h, -2*h - i + 8 = -0. Suppose -h*j + s = -3*j. List the prime factors of j.
2, 3
Let p = 27 - 5. Let j be -3 + 5 - 4 - 2. Let w = j + p. List the prime factors of w.
2, 3
Let d(y) = -3*y. Suppose -2*c = -3*c - 2. Let q be d(c). Suppose -u = -3*f - q, 5*u = -4*f + 2*f + 30. What are the prime factors of u?
2, 3
Let f(i) = -i**3 + 10*i**2 + 4*i - 11. List the prime factors of f(9).
2, 53
Suppose -8*q + 315 = -141. List the prime factors of q.
3, 19
Let b = 4 - 9. Let m be (5 + b)/((-2)/(-2)). Suppose 0 = 2*x - 6*x - 20, m = r - 2*x - 17. List the prime factors of r.
7
Let p = 25 + -27. List the prime factors of ((-14)/p)/(7/35).
5, 7
Let v = 8 + 1. List the prime factors of v.
3
Let l(z) be the first derivative of -2*z**4 + z**2/2 + z - 3. List the prime factors of l(-1).
2
Let q(u) = u**2 + u + 40. Let v be q(0). Suppose 4*j - v = -0*j. List the prime factors of j.
2, 5
Let r = -2 + -2. Let j = r + 17. What are the prime factors of j?
13
Let j be (-5 - -4)/(-1*1). List the prime factors of 2*(6/4 + j).
5
Suppose s - 53 = -2. What are the prime factors of s?
3, 17
Let l(s) = -1. Let m(f) = -f - 3. Let q(u) = 6*l(u) - m(u). Let w be q(3). Suppose w = -0*t - 2*t + 8. What are the prime factors of t?
2
Let z(m) = -m**3 + 7*m**2 + 10*m - 12. Let y be z(8). Let w be (-2)/4*(y - 4). Suppose j - 5 + 1 = w. What are the prime factors of j?
2
Let o be 16/(-5) - (-2)/10. Let x(s) = -s**3 - s**2 + 3*s - 4. List the prime factors of x(o).
5
Let q be 1/(-6) + 301/42. Suppose 4*h - 3 = -q. List the prime factors of h*(-14)/(-4)*-2.
7
Suppose -4*v - 348 = -7*v. What are the prime factors of v?
2, 29
Let o be (-16)/9 - 2/9. What are the prime factors of (-5*(6 + o))/(-1)?
2, 5
Let x(k) = 2*k - 5 + k + 0. Let p be (-1 - 8)*8/(-12). List the prime factors of x(p).
13
Suppose -2*j + 15 + 69 = 0. List the prime factors of j.
2, 3, 7
Let m(v) = v**2 - v + 30. What are the prime factors of m(0)?
2, 3, 5
Suppose -5*s - 20 = 0, 4*d - 4*s = -0*d + 584. List the prime factors of d.
2, 71
Let l = -396 - -726. List the prime factors of l.
2, 3, 5, 11
Suppose 0 = -3*r + 3*h + 24, -5*h - 1 = r - 3. Let t(n) = 10*n - r + 0*n - 4 - n**2. What are the prime factors of t(8)?
5
Let f(c) = -c**3 + c**2 + c. Let i be f(0). Suppose g = -i*g - 7. What are the prime factors of 4 - 6 - (-1 + g)?
2, 3
What are the prime factors of 2/(-8)*1 - (-848)/64?
13
Let a be 8/(1 + (-2)/(-2)). Suppose 2*g + 40 = a*f, 4*f - 62 = -0*g + 3*g. Let c = -10 - g. What are the prime factors of c?
2, 3
Suppose -3*v = 12 - 24. Suppose 0*t = v*t - 64. What are the prime factors of t?
2
List the prime factors of (-6)/2 - (5 - 129).
11
Let s(n) = -n. Suppose -6 = 3*a - 0*b - b, 2*a = -b - 9. List the prime factors of s(a).
3
Suppose -11 = 4*b + 9. Let n = b - -7. Suppose h + n = 7. What are the prime factors of h?
5
Let u be 0/((-2)/2 - -3). Suppose c + 3*c = u. Suppose 4*g + 2*i - 6 = -0, c = -3*i - 3. List the prime factors of g.
2
Suppose 10 = 2*q - 0. Suppose q*x + c + 21 = -2*c, 0 = 2*c - 6. What are the prime factors of 66/10 - x/15?
7
Let l(x) = 11*x**3 + 2*x**2 - 3*x + 3. List the prime factors of l(2).
3, 31
Let u(w) be the second derivative of w**4/6 + 2*w**3/3 - w**2/2 + 2*w. What are the prime factors of u(-3)?
5
Suppose -m = -h, 6*h + 8 = 3*m + 5*h. Suppose m*b = 29 - 9. Let q = 0 + b. What are the prime factors of q?
5
Let c be ((-9)/12)/(1/4). Let l be 1*0*c/6. Suppose l = 2*p - 20 + 6. What are the prime factors of p?
7
Suppose -5*v - 54 = -514. Suppose 0 = -5*j - 7 + v. What are the prime factors of j?
17
Let x(t) = 6 - 4 + 2*t + 0*t + 2. List the prime factors of x(5).
2, 7
Let y = -4 - -1. Let g(r) = r**2 - 3*r - 1. List the prime factors of g(y).
17
Let c(q) = q**2 + 8*q. Let g be c(-6). List the prime factors of (-4)/g - (-28)/6.
5
Let c(x) = x**2 - 9*x + 11. Let i be c(8). Let l(b) = -b**3 + 6*b**2 - 3*b + 1. What are the prime factors of l(i)?
19
Suppose -5*u + 4 = h - 19, -46 = -2*h - 3*u. What are the prime factors of h?
23
What are the prime factors of (1 - (5 + -3))*-9?
3
Let o(i) = 4*i - 3. Let a be o(6). Let b = 77 - a. Suppose 6*g - 2*g - b = 0. What are the prime factors of g?
2, 7
Let w(v) = -8*v + 2. Let r(z) = -9*z + 3. Let s(n) = 3*r(n) - 4*w(n). Suppose 3*l - 26 = 4*y, -5*l = y - 1 - 4. What are the prime factors of s(l)?
11
Let u be -4*(-3 + 15/6). Let z = -4 + 6. Suppose u*v - 4*x - 4 = 0, z*x + 1 = -v + 23. List the prime factors of v.
2, 3
Suppose 2*v + 4*y - 280 = 0, 5*y - 680 = -2*v - 3*v. What are the prime factors of v?
2, 3, 11
Let m(k) be the second derivative of 2*k**2 + k + 0 - 1/3*k**3. List the prime factors of m(-3).
2, 5
Let r(k) = 2*k + 3. Let v(g) = g**2 + 5*g - 3. Suppose 0 = -q - u + 3*u, 5*q + 15 = 5*u. Let x be v(q). What are the prime factors of r(x)?
3
Suppose 4*b = b + n - 3, -3*n = 4*b - 9. Suppose -h + 2 = -b*h. Suppose -2*w - h = 5*u, 2*w + 2*u + u - 2 = 0. List the prime factors of w.
2
Let q be 248/14 - 28/(-98). Suppose -3*y - 3*x = -q, -2*y - 2*x - x + 16 = 0. List the prime factors of y.
2
Let h(f) = -52*f - 16. What are the prime factors of h(-3)?
2, 5, 7
What are the prime factors of ((-20)/(-30))/((-2)/(-426))?
2, 71
Let t be 3/(12/4)*3. Let z(x) = 4*x + 2. List the pr